{"id":4115,"date":"2026-04-14T10:30:06","date_gmt":"2026-04-14T10:30:06","guid":{"rendered":"https:\/\/www.aquatremansbarcelona.com\/producto\/coixi-de-platja-mariner-vermell\/"},"modified":"2025-12-05T12:35:47","modified_gmt":"2025-12-05T12:35:47","slug":"coixi-de-platja-mariner-vermell","status":"publish","type":"product","link":"https:\/\/www.aquatremansbarcelona.com\/ca\/producte\/coixi-de-platja-mariner-vermell\/","title":{"rendered":"Coix\u00ed de platja mariner vermell"},"content":{"rendered":"<p style=\"text-align: justify;\"><span style=\"color: #000000;\"><b>Coix\u00ed de platja \u00fanic, innovador i funcional<\/b><\/span><br \/>\nFet de tela de licra de bany estampada amb ratlles marineres vermelles y blanques i farcit\u00a0de perles de poliestir\u00e8. Es pot mullar y \u00e9s el\u00a0complement ideal per a la platja, piscina, vaixell\u2026 per recolzar el cap, relaxar les cervicals i descansar, \u00e9s molt c\u00f2mode i pr\u00e0ctic. No pesa res, menys de 150 g i la seva mida perfectament estudiada per cabre dins d\u2019una bossa de m\u00e0 el fa\u00a0c\u00f2mode,\u00a0\u00e0gil\u00a0i permet\u00a0portar-lo a tot arreu.<\/p>\n<p style=\"text-align: justify;\"><span style=\"color: #000000;\"><b>Mides:<\/b> <\/span>28&#215;23 cm<\/p>\n<p style=\"text-align: justify;\"><span style=\"color: #000000;\"><b>Materials:<\/b><\/span> Poliamida i perles de poliestir\u00e8.<\/p>\n<p style=\"text-align: justify;\"><span style=\"color: #000000;\"><b>Presentaci\u00f3:<\/b><\/span> El coix\u00ed de platja es presenta amb una banda de cartr\u00f3 kraft amb il\u00b7lustracions i explicacions d&#8217;\u00fas.<\/p>\n<p style=\"text-align: justify;\"><b><span style=\"color: #000000;\">Manteniment:<\/span>\u00a0<\/b><span lang=\"CA\">S\u2019aconsella rentar-lo a m\u00e0, per\u00f2 es pot posar a la rentadora amb un programa curt, sempre amb aigua freda, amb sab\u00f3 neutre, sense suavitzant i per precauci\u00f3, dins d\u2019una bossa de roba, no utilitzar mai aigua calenta ni assecadora.<\/span><\/p>\n<p style=\"text-align: justify;\"><span style=\"color: #000000;\"><b>Ref:<\/b><\/span> 4400002<\/p>\n<p><em>* Article registrat en OEPM (Oficina Espanyola de Patents i Marques), davant de qualsevol c\u00f2pia i\/o imitaci\u00f3, s&#8217;emprendran accions legals.<\/em><\/p>\n","protected":false},"excerpt":{"rendered":"<p style=\"text-align: justify;\"><span style=\"color: #000000;\"><b>Coix\u00ed de platja \u00fanic, innovador i funcional<\/b><\/span><br \/>\nFet de tela de licra de bany estampada amb ratlles marineres vermelles y blanques i farcit\u00a0de perles de poliestir\u00e8. Es pot mullar y \u00e9s el\u00a0complement ideal per a la platja, piscina, vaixell\u2026 per recolzar el cap, relaxar les cervicals i descansar, \u00e9s molt c\u00f2mode i pr\u00e0ctic. No pesa res, menys de 150 g i la seva mida perfectament estudiada per cabre dins d\u2019una bossa de m\u00e0 el fa\u00a0c\u00f2mode,\u00a0\u00e0gil\u00a0i permet\u00a0portar-lo a tot arreu.<\/p>\n<p style=\"text-align: justify;\"><span style=\"color: #000000;\"><b>Mides:<\/b> <\/span>28&#215;23 cm<\/p>\n<p style=\"text-align: justify;\"><span style=\"color: #000000;\"><b>Materials:<\/b><\/span> Poliamida i perles de poliestir\u00e8.<\/p>\n<p style=\"text-align: justify;\"><span style=\"color: #000000;\"><b>Presentaci\u00f3:<\/b><\/span> El coix\u00ed de platja es presenta amb una banda de cartr\u00f3 kraft amb il\u00b7lustracions i explicacions d&#8217;\u00fas.<\/p>\n<p style=\"text-align: justify;\"><b><span style=\"color: #000000;\">Manteniment:<\/span>\u00a0<\/b><span lang=\"CA\">S\u2019aconsella rentar-lo a m\u00e0, per\u00f2 es pot posar a la rentadora amb un programa curt, sempre amb aigua freda, amb sab\u00f3 neutre, sense suavitzant i per precauci\u00f3, dins d\u2019una bossa de roba, no utilitzar mai aigua calenta ni assecadora.<\/span><\/p>\n<p style=\"text-align: justify;\"><span style=\"color: #000000;\"><b>Ref:<\/b><\/span> 4400002<\/p>\n<p><em>* Article registrat en OEPM (Oficina Espanyola de Patents i Marques), davant de qualsevol c\u00f2pia i\/o imitaci\u00f3, s&#8217;emprendran accions legals.<\/em><\/p>\n","protected":false},"featured_media":11016,"template":"","meta":[],"product_brand":[],"product_cat":[130],"product_tag":[182,203,194,193,183,196,195],"class_list":{"0":"post-4115","1":"product","2":"type-product","3":"status-publish","4":"has-post-thumbnail","6":"product_cat-coixins-de-platja","7":"product_tag-coixi","8":"product_tag-coixinet","9":"product_tag-mar-ca","10":"product_tag-piscina-ca","11":"product_tag-platja","12":"product_tag-riu","13":"product_tag-vaixell","15":"first","16":"instock","17":"taxable","18":"shipping-taxable","19":"purchasable","20":"product-type-simple"},"_links":{"self":[{"href":"https:\/\/www.aquatremansbarcelona.com\/ca\/wp-json\/wp\/v2\/product\/4115","targetHints":{"allow":["GET"]}}],"collection":[{"href":"https:\/\/www.aquatremansbarcelona.com\/ca\/wp-json\/wp\/v2\/product"}],"about":[{"href":"https:\/\/www.aquatremansbarcelona.com\/ca\/wp-json\/wp\/v2\/types\/product"}],"wp:featuredmedia":[{"embeddable":true,"href":"https:\/\/www.aquatremansbarcelona.com\/ca\/wp-json\/wp\/v2\/media\/11016"}],"wp:attachment":[{"href":"https:\/\/www.aquatremansbarcelona.com\/ca\/wp-json\/wp\/v2\/media?parent=4115"}],"wp:term":[{"taxonomy":"product_brand","embeddable":true,"href":"https:\/\/www.aquatremansbarcelona.com\/ca\/wp-json\/wp\/v2\/product_brand?post=4115"},{"taxonomy":"product_cat","embeddable":true,"href":"https:\/\/www.aquatremansbarcelona.com\/ca\/wp-json\/wp\/v2\/product_cat?post=4115"},{"taxonomy":"product_tag","embeddable":true,"href":"https:\/\/www.aquatremansbarcelona.com\/ca\/wp-json\/wp\/v2\/product_tag?post=4115"}],"curies":[{"name":"wp","href":"https:\/\/api.w.org\/{rel}","templated":true}]}}

Coixí de platja mariner vermell

<p style="text-align: justify;"><span style="color: #000000;"><b>Coixí de platja únic, innovador i funcional</b></span><br />
Fet de tela de licra de bany estampada amb ratlles marineres vermelles y blanques i farcit de perles de poliestirè. Es pot mullar y és el complement ideal per a la platja, piscina, vaixell… per recolzar el cap, relaxar les cervicals i descansar, és molt còmode i pràctic. No pesa res, menys de 150 g i la seva mida perfectament estudiada per cabre dins d’una bossa de mà el fa còmode, àgil i permet portar-lo a tot arreu.</p>
<p style="text-align: justify;"><span style="color: #000000;"><b>Mides:</b> </span>28&#215;23 cm</p>
<p style="text-align: justify;"><span style="color: #000000;"><b>Materials:</b></span> Poliamida i perles de poliestirè.</p>
<p style="text-align: justify;"><span style="color: #000000;"><b>Presentació:</b></span> El coixí de platja es presenta amb una banda de cartró kraft amb il·lustracions i explicacions d&#8217;ús.</p>
<p style="text-align: justify;"><b><span style="color: #000000;">Manteniment:</span> </b><span lang="CA">S’aconsella rentar-lo a mà, però es pot posar a la rentadora amb un programa curt, sempre amb aigua freda, amb sabó neutre, sense suavitzant i per precaució, dins d’una bossa de roba, no utilitzar mai aigua calenta ni assecadora.</span></p>
<p style="text-align: justify;"><span style="color: #000000;"><b>Ref:</b></span> 4400002</p>
<p><em>* Article registrat en OEPM (Oficina Espanyola de Patents i Marques), davant de qualsevol còpia i/o imitació, s&#8217;emprendran accions legals.</em></p>
