{"id":10972,"date":"2026-04-14T10:25:46","date_gmt":"2026-04-14T10:25:46","guid":{"rendered":"https:\/\/www.aquatremansbarcelona.com\/?post_type=product&#038;p=10972"},"modified":"2026-04-14T12:06:54","modified_gmt":"2026-04-14T12:06:54","slug":"coixi-de-platja-estrelles-gris","status":"publish","type":"product","link":"https:\/\/www.aquatremansbarcelona.com\/ca\/producte\/coixi-de-platja-estrelles-gris\/","title":{"rendered":"Coix\u00ed de platja estrelles gris"},"content":{"rendered":"<p><span style=\"color: #000000;\"><b>Coix\u00ed de platja \u00fanic, innovador i funcional<\/b><\/span><br \/>\nFet de tela de licra de bany estampada amb estrelles blanques sobre fons gris i farcit de perles de poliestir\u00e8. Es pot mullar i \u00e9s el complement ideal per a la platja, piscina, vaixell\u2026 per recolzar el cap, relaxar les cervicals i descansar, \u00e9s molt c\u00f2mode i pr\u00e0ctic. No pesa res, menys de 150 g i la seva mida perfectament estudiada per cabre dins d\u2019una bossa de m\u00e0 el fa c\u00f2mode, \u00e0gil i permet portar-lo a tot arreu<\/p>\n<p><span style=\"color: #000000;\"><b>Mides:<\/b><\/span> 28&#215;23 cm<\/p>\n<p><span style=\"color: #000000;\"><b>Materials:<\/b><\/span> Poli\u00e9ster i perles de poliestir\u00e8.<\/p>\n<p><span style=\"color: #000000;\"><b>Presentaci\u00f3:<\/b><\/span> El coix\u00ed de platja es presenta amb una banda de cartr\u00f3 kraft amb il\u00b7lustracions i explicacions d\u2019\u00fas.<\/p>\n<p><span style=\"color: #000000;\"><b>Manteniment:<\/b><\/span> <span lang=\"CA\">S\u2019aconsella rentar-lo a m\u00e0, per\u00f2 es pot posar a la rentadora amb un programa curt, sempre amb aigua freda, amb sab\u00f3 neutre, sense suavitzant i per precauci\u00f3, dins d\u2019una bossa de roba, no utilitzar mai aigua calenta ni assecadora.<\/span><\/p>\n<p><span style=\"color: #000000;\"><b>Ref:<\/b><\/span> 4400007<\/p>\n<p><em>* Article registrat en OEPM (Oficina Espanyola de Patents i Marques), davant de qualsevol c\u00f2pia i\/o imitaci\u00f3, s&#8217;emprendran accions legals.<\/em><\/p>\n","protected":false},"excerpt":{"rendered":"<p><span style=\"color: #000000;\"><b>Coix\u00ed de platja \u00fanic, innovador i funcional<\/b><\/span><br \/>\nFet de tela de licra de bany estampada amb \u00e0ncores blanques sobre fons blau clar i farcit de perles de poliestir\u00e8.Fet de tela de licra de bany estampada amb estrelles blanques sobre fons gris i farcit de perles de poliestir\u00e8.les cervicals i descansar, \u00e9s molt c\u00f2mode i pr\u00e0ctic. No pesa res, menys de 150 g i la seva mida perfectament estudiada per cabre dins d\u2019una bossa de m\u00e0 el fa c\u00f2mode, \u00e0gil i permet portar-lo a tot arreu<\/p>\n<p><span style=\"color: #000000;\"><b>Mides:<\/b><\/span> 28&#215;23 cm<\/p>\n<p><span style=\"color: #000000;\"><b>Materials:<\/b><\/span> Poli\u00e9ster i perles de poliestir\u00e8.<\/p>\n<p><span style=\"color: #000000;\"><b>Presentaci\u00f3:<\/b><\/span> El coix\u00ed de platja es presenta amb una banda de cartr\u00f3 kraft amb il\u00b7lustracions i explicacions d\u2019\u00fas.<\/p>\n<p><span style=\"color: #000000;\"><b>Manteniment:<\/b><\/span> <span lang=\"CA\">S\u2019aconsella rentar-lo a m\u00e0, per\u00f2 es pot posar a la rentadora amb un programa curt, sempre amb aigua freda, amb sab\u00f3 neutre, sense suavitzant i per precauci\u00f3, dins d\u2019una bossa de roba, no utilitzar mai aigua calenta ni assecadora.<\/span><\/p>\n<p><span style=\"color: #000000;\"><b>Ref:<\/b><\/span> 4400007<\/p>\n<p><em>* Article registrat en OEPM (Oficina Espanyola de Patents i Marques), davant de qualsevol c\u00f2pia i\/o imitaci\u00f3, s&#8217;emprendran accions legals.<\/em><\/p>\n","protected":false},"featured_media":10973,"template":"","meta":[],"product_brand":[],"product_cat":[130,131],"product_tag":[182,203,194,193,183,196,195],"class_list":{"0":"post-10972","1":"product","2":"type-product","3":"status-publish","4":"has-post-thumbnail","6":"product_cat-coixins-de-platja","7":"product_cat-coixins-de-relax","8":"product_tag-coixi","9":"product_tag-coixinet","10":"product_tag-mar-ca","11":"product_tag-piscina-ca","12":"product_tag-platja","13":"product_tag-riu","14":"product_tag-vaixell","16":"first","17":"outofstock","18":"taxable","19":"shipping-taxable","20":"purchasable","21":"product-type-simple"},"_links":{"self":[{"href":"https:\/\/www.aquatremansbarcelona.com\/ca\/wp-json\/wp\/v2\/product\/10972","targetHints":{"allow":["GET"]}}],"collection":[{"href":"https:\/\/www.aquatremansbarcelona.com\/ca\/wp-json\/wp\/v2\/product"}],"about":[{"href":"https:\/\/www.aquatremansbarcelona.com\/ca\/wp-json\/wp\/v2\/types\/product"}],"wp:featuredmedia":[{"embeddable":true,"href":"https:\/\/www.aquatremansbarcelona.com\/ca\/wp-json\/wp\/v2\/media\/10973"}],"wp:attachment":[{"href":"https:\/\/www.aquatremansbarcelona.com\/ca\/wp-json\/wp\/v2\/media?parent=10972"}],"wp:term":[{"taxonomy":"product_brand","embeddable":true,"href":"https:\/\/www.aquatremansbarcelona.com\/ca\/wp-json\/wp\/v2\/product_brand?post=10972"},{"taxonomy":"product_cat","embeddable":true,"href":"https:\/\/www.aquatremansbarcelona.com\/ca\/wp-json\/wp\/v2\/product_cat?post=10972"},{"taxonomy":"product_tag","embeddable":true,"href":"https:\/\/www.aquatremansbarcelona.com\/ca\/wp-json\/wp\/v2\/product_tag?post=10972"}],"curies":[{"name":"wp","href":"https:\/\/api.w.org\/{rel}","templated":true}]}}

Coixí de platja estrelles gris

<p><span style="color: #000000;"><b>Coixí de platja únic, innovador i funcional</b></span><br />
Fet de tela de licra de bany estampada amb estrelles blanques sobre fons gris i farcit de perles de poliestirè. Es pot mullar i és el complement ideal per a la platja, piscina, vaixell… per recolzar el cap, relaxar les cervicals i descansar, és molt còmode i pràctic. No pesa res, menys de 150 g i la seva mida perfectament estudiada per cabre dins d’una bossa de mà el fa còmode, àgil i permet portar-lo a tot arreu</p>
<p><span style="color: #000000;"><b>Mides:</b></span> 28&#215;23 cm</p>
<p><span style="color: #000000;"><b>Materials:</b></span> Poliéster i perles de poliestirè.</p>
<p><span style="color: #000000;"><b>Presentació:</b></span> El coixí de platja es presenta amb una banda de cartró kraft amb il·lustracions i explicacions d’ús.</p>
<p><span style="color: #000000;"><b>Manteniment:</b></span> <span lang="CA">S’aconsella rentar-lo a mà, però es pot posar a la rentadora amb un programa curt, sempre amb aigua freda, amb sabó neutre, sense suavitzant i per precaució, dins d’una bossa de roba, no utilitzar mai aigua calenta ni assecadora.</span></p>
<p><span style="color: #000000;"><b>Ref:</b></span> 4400007</p>
<p><em>* Article registrat en OEPM (Oficina Espanyola de Patents i Marques), davant de qualsevol còpia i/o imitació, s&#8217;emprendran accions legals.</em></p>

<p><span style="color: #000000;"><b>Coixí de platja únic, innovador i funcional</b></span><br />
Fet de tela de licra de bany estampada amb àncores blanques sobre fons blau clar i farcit de perles de poliestirè.Fet de tela de licra de bany estampada amb estrelles blanques sobre fons gris i farcit de perles de poliestirè.les cervicals i descansar, és molt còmode i pràctic. No pesa res, menys de 150 g i la seva mida perfectament estudiada per cabre dins d’una bossa de mà el fa còmode, àgil i permet portar-lo a tot arreu</p>
<p><span style="color: #000000;"><b>Mides:</b></span> 28&#215;23 cm</p>
<p><span style="color: #000000;"><b>Materials:</b></span> Poliéster i perles de poliestirè.</p>
<p><span style="color: #000000;"><b>Presentació:</b></span> El coixí de platja es presenta amb una banda de cartró kraft amb il·lustracions i explicacions d’ús.</p>
<p><span style="color: #000000;"><b>Manteniment:</b></span> <span lang="CA">S’aconsella rentar-lo a mà, però es pot posar a la rentadora amb un programa curt, sempre amb aigua freda, amb sabó neutre, sense suavitzant i per precaució, dins d’una bossa de roba, no utilitzar mai aigua calenta ni assecadora.</span></p>
<p><span style="color: #000000;"><b>Ref:</b></span> 4400007</p>
<p><em>* Article registrat en OEPM (Oficina Espanyola de Patents i Marques), davant de qualsevol còpia i/o imitació, s&#8217;emprendran accions legals.</em></p>
